MONTHLY CLIMATOLOGICAL SUMMARY for Jun 2023 NAME: Paternopoli AV ELEV: 490 metri LAT: 40-58.26 N LONG: 015-02.10 E TEMPERATURE (°C), RAIN (mm), WIND SPEED (km/h) HEAT COOL AVG MEAN DEG DEG WIND DOM DAY TEMP HIGH TIME LOW TIME DAYS DAYS RAIN SPEED HIGH TIME DIR --------------------------------------------------------------------------------------- 01 17.4 23.5 12:22 12.9 00:00 0.9 0.0 8.8 1.1 15.8 14:09 142 02 13.3 19.0 08:47 11.5 04:45 5.0 0.0 0.0 0.0 0.0 00:00 90 03 04 22.3 26.2 15:49 18.4 22:55 0.0 4.0 0.0 3.3 18.0 15:58 302 05 16.8 18.5 00:20 15.7 06:53 1.6 0.0 0.5 0.2 6.8 04:15 134 06 19.3 23.2 12:16 15.2 05:52 0.0 0.9 1.6 1.5 15.5 14:31 301 07 19.2 27.2 14:49 14.4 04:02 0.0 0.9 0.0 1.0 17.3 18:08 315 08 20.0 26.0 17:52 14.4 05:04 0.0 1.6 0.0 1.8 23.0 14:35 302 09 19.9 25.2 14:38 13.5 05:41 0.0 1.5 0.0 3.2 23.0 14:28 299 10 19.6 24.9 17:01 16.1 05:04 0.0 1.3 1.6 1.2 16.9 12:59 305 11 19.1 24.9 12:20 15.3 05:14 0.0 0.7 4.7 1.2 15.8 13:43 299 12 18.2 25.8 13:11 14.6 05:47 0.2 0.0 0.0 1.1 12.2 09:47 306 13 19.3 23.6 13:19 14.4 05:40 0.0 1.0 0.0 1.6 14.4 16:35 309 14 19.5 24.6 15:50 15.4 03:14 0.0 1.2 13.0 1.7 16.9 13:43 309 15 16.6 18.9 15:49 15.3 05:47 1.7 0.0 20.2 0.9 17.3 14:36 297 16 18.9 24.8 16:01 14.6 00:00 0.0 0.6 0.0 0.6 23.8 15:10 315 17 19.2 26.3 17:28 12.3 03:40 0.0 0.9 0.0 0.8 21.6 15:11 324 18 20.6 29.1 16:01 12.5 05:44 0.0 2.3 0.0 0.5 11.9 12:23 307 19 22.1 29.9 15:14 14.5 05:11 0.0 3.8 0.0 2.5 25.9 16:40 293 20 23.3 30.6 14:58 16.3 04:54 0.0 5.0 0.0 2.1 21.2 15:04 304 21 25.0 31.8 15:48 17.8 05:30 0.0 6.7 0.0 1.9 14.8 15:50 293 22 26.8 34.6 16:06 19.4 05:50 0.0 8.5 0.0 2.2 16.9 16:58 289 23 26.0 33.5 15:20 20.6 05:51 0.0 7.6 0.0 1.8 20.5 14:37 305 24 20.6 28.9 13:41 16.8 06:13 0.0 2.3 9.3 0.1 8.6 00:22 306 25 21.4 27.9 16:35 15.8 03:51 0.0 3.1 0.0 0.0 0.0 00:00 90 26 22.3 30.3 16:19 15.9 05:11 0.0 4.0 0.0 0.0 0.0 00:00 90 27 23.2 30.4 17:04 16.1 05:50 0.0 4.9 0.0 0.0 0.0 00:00 90 28 23.0 27.6 15:10 17.3 05:56 0.0 4.7 0.0 0.0 0.0 00:00 90 29 23.0 29.9 16:17 18.2 03:35 0.0 4.7 0.0 0.0 0.0 00:00 90 30 22.7 28.4 15:54 15.9 05:00 0.0 4.4 0.0 0.0 0.0 00:00 90 --------------------------------------------------------------------------------------- 21.0 34.6 22 11.5 02 9.3 76.5 59.6 1.1 25.9 19 301 Updated: 01/07/2023 00:00