MONTHLY CLIMATOLOGICAL SUMMARY for Aug 2021 NAME: Paternopoli AV ELEV: 490 metri LAT: 40-58.26 N LONG: 015-02.10 E TEMPERATURE (°C), RAIN (mm), WIND SPEED (km/h) HEAT COOL AVG MEAN DEG DEG WIND DOM DAY TEMP HIGH TIME LOW TIME DAYS DAYS RAIN SPEED HIGH TIME DIR --------------------------------------------------------------------------------------- 01 28.6 34.2 11:57 21.6 02:17 0.0 10.3 0.0 7.9 40.0 12:27 259 02 25.4 30.4 17:20 19.6 23:51 0.0 7.0 0.0 6.2 33.8 02:41 287 03 22.9 31.9 11:51 16.6 04:44 0.0 4.6 0.0 7.1 54.7 11:58 278 04 26.9 34.4 14:28 18.4 03:50 0.0 8.6 0.0 3.2 33.8 13:40 270 05 24.9 28.6 01:56 20.1 22:50 0.0 6.6 0.0 10.7 38.5 16:13 276 06 23.1 27.9 14:15 18.7 02:14 0.0 4.8 0.0 6.3 32.8 13:53 279 07 24.8 31.8 15:13 17.2 06:13 0.0 6.5 0.0 3.2 32.4 13:42 283 08 27.0 34.4 16:14 20.2 04:31 0.0 8.7 0.0 4.3 29.5 12:47 281 09 27.0 35.6 15:27 19.6 06:02 0.0 8.7 0.0 3.5 33.8 14:28 284 10 28.5 37.6 15:38 20.1 05:54 0.0 10.2 0.0 2.4 23.8 16:03 288 11 29.3 38.4 15:58 23.6 07:16 0.0 10.9 0.0 2.6 31.7 17:23 291 12 28.6 36.9 16:11 20.5 05:54 0.0 10.2 0.0 1.0 17.6 16:14 60 13 29.1 38.0 15:58 20.8 06:48 0.0 10.8 0.0 1.2 19.1 12:15 5 14 29.2 37.5 15:55 21.1 05:02 0.0 10.9 0.0 0.9 19.1 14:14 79 15 28.6 37.6 15:12 20.9 05:50 0.0 10.2 0.0 2.5 31.3 17:00 287 16 27.8 33.6 15:08 21.2 06:19 0.0 9.5 0.0 5.3 36.0 16:34 274 17 26.3 31.6 14:03 20.6 23:58 0.0 8.0 0.0 5.4 31.3 15:11 281 18 23.2 32.4 15:50 17.4 05:45 0.0 4.9 0.0 1.7 19.1 15:00 314 19 24.2 32.1 14:18 18.4 05:05 0.0 5.9 0.0 2.0 16.6 15:15 189 20 23.0 31.9 15:05 17.2 23:47 0.0 4.7 2.1 3.2 34.6 18:08 280 21 23.2 32.1 17:59 15.4 02:49 0.0 4.9 0.0 1.7 20.5 15:59 320 22 24.7 33.3 16:26 17.3 05:17 0.0 6.4 0.0 2.3 21.6 16:59 296 23 24.0 29.9 15:06 17.8 06:54 0.0 5.7 0.0 4.4 31.7 14:13 285 24 24.2 31.6 15:35 16.8 06:07 0.0 5.9 0.0 2.4 24.5 15:03 234 25 23.1 31.0 16:35 17.5 07:03 0.0 4.7 0.0 1.4 22.7 17:26 337 26 21.2 28.1 13:23 16.8 05:21 0.0 2.9 0.0 2.8 22.7 16:17 157 27 22.3 27.1 16:08 17.9 04:44 0.0 4.0 0.0 6.7 38.2 12:14 276 28 22.1 26.4 15:20 17.8 23:57 0.0 3.8 0.0 5.7 36.7 15:58 272 29 20.1 28.1 15:33 15.6 06:25 0.0 1.8 0.0 1.4 18.4 20:31 27 30 20.2 27.6 14:36 14.2 07:05 0.0 1.9 0.0 3.5 28.4 16:41 285 31 21.0 27.6 15:08 14.4 06:18 0.0 2.6 0.0 3.7 28.1 16:58 286 --------------------------------------------------------------------------------------- 25.0 38.4 11 14.2 30 0.0 206.3 2.1 3.8 54.7 03 279 Updated: 01/09/2021 00:00