MONTHLY CLIMATOLOGICAL SUMMARY for Feb 2022 NAME: Paternopoli AV ELEV: 490 meters LAT: 40-58.26 N LONG: 015-02.10 E TEMPERATURE (C), RAIN (mm), WIND SPEED (km/h) HEAT COOL AVG MEAN DEG DEG WIND DOM DAY TEMP HIGH TIME LOW TIME DAYS DAYS RAIN SPEED HIGH TIME DIR --------------------------------------------------------------------------------------- 01 5.3 7.7 13:39 3.6 07:17 13.0 0.0 7.3 3.4 24.5 15:45 39 02 6.4 14.1 16:08 0.3 07:40 11.9 0.0 0.0 1.2 16.9 13:19 309 03 6.6 13.2 15:51 2.6 06:19 11.7 0.0 0.0 1.2 13.0 12:27 40 04 7.6 12.9 14:52 2.9 05:30 10.7 0.0 0.0 2.9 30.2 12:30 287 05 9.7 14.4 12:08 6.9 07:10 8.7 0.0 0.0 0.8 13.7 13:45 327 06 9.6 14.9 11:49 5.8 03:10 8.7 0.0 0.0 3.1 21.2 22:29 264 07 9.9 12.0 15:01 9.1 06:07 8.4 0.0 0.0 15.8 44.3 08:09 278 08 09 10 11 12 13 10.2 15.2 14:52 4.9 23:50 8.1 0.0 0.0 1.9 14.0 13:57 88 14 8.5 12.8 15:55 -9.2 10:50 9.8 0.0 0.0 2.5 16.6 11:16 204 15 8.7 11.0 09:28 6.9 22:32 9.7 0.0 7.3 3.8 42.1 22:29 197 16 7.8 13.0 14:12 3.4 23:49 10.5 0.0 0.0 1.6 22.0 14:00 341 17 7.4 13.9 14:47 1.9 06:40 11.0 0.0 0.0 2.2 33.1 13:43 292 18 9.8 17.4 14:49 4.8 04:38 8.5 0.0 0.0 1.8 22.7 13:36 293 19 11.4 16.9 12:36 6.6 07:09 7.0 0.0 0.0 3.0 31.0 13:29 296 20 11.9 17.4 12:12 7.0 07:37 6.5 0.0 0.0 0.8 30.2 13:55 302 21 9.9 12.3 14:06 7.3 23:39 8.4 0.0 2.1 12.0 50.0 13:50 278 22 6.9 9.8 14:42 4.3 04:17 11.5 0.0 4.1 4.3 25.6 15:18 16 23 8.5 14.6 15:41 3.4 04:20 9.9 0.0 0.0 2.3 18.0 13:43 39 24 9.2 17.9 15:35 2.7 05:29 9.1 0.0 0.0 1.2 13.0 18:00 25 25 8.4 14.8 13:47 2.8 06:39 10.0 0.0 0.0 3.7 28.8 17:55 293 26 3.1 6.5 02:30 0.2 23:54 15.2 0.0 13.0 1.0 15.8 13:39 302 27 3.3 8.2 14:03 0.1 00:18 15.0 0.0 15.0 1.4 28.1 04:27 298 28 4.8 10.2 15:14 1.5 06:00 13.6 0.0 0.5 1.0 15.5 13:28 23 --------------------------------------------------------------------------------------- 8.0 17.9 24 -9.2 14 236.8 0.0 49.2 3.0 50.0 21 294