MONTHLY CLIMATOLOGICAL SUMMARY for Jul 2021 NAME: Paternopoli AV ELEV: 490 metri LAT: 40-58.26 N LONG: 015-02.10 E TEMPERATURE (°C), RAIN (mm), WIND SPEED (km/h) HEAT COOL AVG MEAN DEG DEG WIND DOM DAY TEMP HIGH TIME LOW TIME DAYS DAYS RAIN SPEED HIGH TIME DIR --------------------------------------------------------------------------------------- 01 23.6 28.3 14:05 17.9 05:27 0.0 5.3 0.0 7.3 37.4 17:10 280 02 22.8 28.6 15:31 16.4 05:04 0.0 4.5 0.0 4.6 33.1 11:30 276 03 23.5 29.3 14:18 16.9 04:50 0.0 5.2 0.0 3.5 34.2 15:09 281 04 23.9 30.0 15:08 17.4 05:06 0.0 5.5 0.0 4.0 32.8 14:33 282 05 24.7 30.4 14:29 19.2 06:04 0.0 6.4 0.0 3.9 23.4 16:39 289 06 26.0 33.0 16:23 18.4 05:36 0.0 7.7 0.0 2.8 25.6 17:38 286 07 27.7 35.0 14:30 20.2 05:42 0.0 9.3 0.0 2.8 29.2 16:25 287 08 28.2 36.8 16:17 21.2 05:22 0.0 9.8 0.0 2.8 25.6 18:52 288 09 26.3 32.2 13:50 20.9 06:25 0.0 7.9 0.0 4.4 31.0 15:23 285 10 24.0 30.9 15:34 16.6 05:46 0.0 5.7 0.0 2.9 26.6 15:55 283 11 24.1 29.9 13:21 18.4 05:10 0.0 5.8 0.0 4.7 34.2 17:41 283 12 24.3 31.3 14:43 16.6 06:10 0.0 5.9 0.0 2.9 27.7 16:39 291 13 25.6 32.3 12:40 18.7 05:49 0.0 7.3 0.0 2.6 26.6 15:15 268 14 23.4 27.2 13:31 18.4 23:58 0.0 5.1 0.0 7.9 34.2 15:34 281 15 21.2 25.9 16:02 17.2 03:37 0.0 2.9 0.0 7.8 32.8 08:54 282 16 20.9 25.6 13:58 15.5 05:54 0.0 2.5 0.0 5.1 33.1 15:29 280 17 19.7 26.6 12:49 16.7 04:20 0.0 1.3 7.3 1.7 23.0 12:33 297 18 18.5 23.8 14:15 15.8 15:40 0.0 0.2 38.3 1.4 25.2 15:34 108 19 19.1 24.3 18:12 15.5 03:44 0.0 0.8 1.6 1.0 16.9 19:44 284 20 22.3 28.9 17:36 16.5 04:52 0.0 4.0 0.5 0.9 15.5 11:47 303 21 24.4 33.6 16:45 16.3 05:41 0.0 6.0 0.0 1.2 20.9 15:57 291 22 25.0 33.1 15:58 18.6 05:45 0.0 6.7 0.0 1.4 20.2 14:30 307 23 24.3 30.9 15:41 18.0 05:07 0.0 6.0 0.0 3.3 33.1 15:23 280 24 25.2 31.4 15:16 18.1 06:06 0.0 6.9 0.0 2.7 24.8 14:28 284 25 25.7 33.8 14:29 19.9 04:30 0.0 7.4 0.0 2.8 34.2 15:54 284 26 26.8 33.7 16:21 21.2 04:14 0.0 8.4 0.0 3.1 31.7 13:28 286 27 27.9 35.4 14:47 20.6 06:30 0.0 9.6 0.0 2.6 22.0 14:55 281 28 28.2 35.4 15:52 20.6 06:00 0.0 9.8 0.0 3.4 26.6 14:28 287 29 28.3 34.7 14:38 21.4 05:49 0.0 9.9 0.0 4.5 32.4 16:52 286 30 27.8 34.2 17:39 19.8 06:05 0.0 9.5 0.0 3.7 30.6 13:57 285 31 27.8 35.1 15:04 20.4 05:11 0.0 9.5 0.0 3.5 28.4 16:20 287 --------------------------------------------------------------------------------------- 24.5 36.8 08 15.5 16 0.0 192.9 47.7 3.5 37.4 01 284 Updated: 01/08/2021 00:00