MONTHLY CLIMATOLOGICAL SUMMARY for Jun 2021 NAME: Paternopoli AV ELEV: 490 metri LAT: 40-58.26 N LONG: 015-02.10 E TEMPERATURE (°C), RAIN (mm), WIND SPEED (km/h) HEAT COOL AVG MEAN DEG DEG WIND DOM DAY TEMP HIGH TIME LOW TIME DAYS DAYS RAIN SPEED HIGH TIME DIR --------------------------------------------------------------------------------------- 01 17.1 24.4 16:11 9.3 05:21 1.2 0.0 0.0 1.2 19.1 12:35 8 02 18.8 27.5 16:40 10.6 05:37 0.0 0.4 0.0 1.3 21.2 12:14 319 03 20.6 29.3 15:09 12.2 04:36 0.0 2.2 0.0 1.4 19.1 19:10 295 04 21.4 27.9 15:10 14.1 05:43 0.0 3.0 0.0 3.6 31.7 17:37 281 05 20.1 26.2 14:50 14.6 05:10 0.0 1.8 0.0 2.8 29.2 14:50 291 06 19.7 24.8 17:14 15.6 06:00 0.0 1.3 0.0 2.3 25.2 19:31 295 07 18.0 24.5 16:20 13.8 05:01 0.4 0.0 4.1 0.8 15.5 11:59 310 08 17.7 24.5 15:07 14.4 05:46 0.6 0.0 11.9 0.8 12.2 11:48 270 09 19.4 26.6 14:25 15.4 05:41 0.0 1.0 1.6 1.0 15.8 15:14 295 10 18.7 25.8 12:35 13.9 04:50 0.0 0.4 0.0 2.2 25.6 17:25 241 11 18.3 26.7 13:47 13.6 05:24 0.1 0.0 6.7 1.8 21.6 13:31 271 12 20.0 26.9 18:30 13.5 06:00 0.0 1.7 0.5 1.8 22.0 14:55 273 13 21.5 28.1 15:48 14.2 05:22 0.0 3.2 0.0 3.4 26.3 16:01 289 14 21.9 27.1 12:32 16.1 23:59 0.0 3.6 0.0 1.3 19.8 16:56 337 15 20.0 28.3 16:42 12.3 04:44 0.0 1.7 0.0 0.9 20.5 12:36 38 16 20.5 29.0 15:34 13.2 04:01 0.0 2.1 0.0 2.0 27.4 16:16 282 17 21.7 29.3 16:54 14.8 05:16 0.0 3.4 0.0 2.2 22.0 16:14 286 18 22.1 29.1 14:32 15.8 06:12 0.0 3.8 0.0 1.3 19.8 11:45 292 19 23.4 30.1 14:58 16.9 05:12 0.0 5.1 0.0 2.5 24.1 19:23 287 20 24.4 32.1 15:48 17.4 06:30 0.0 6.1 0.0 1.7 20.9 17:48 283 21 27.1 33.6 14:32 20.4 02:56 0.0 8.8 0.0 2.0 27.7 09:39 285 22 27.4 33.7 15:39 21.2 04:01 0.0 9.1 0.0 2.4 28.8 14:23 283 23 27.7 36.1 14:54 20.8 05:38 0.0 9.4 0.0 2.1 29.9 17:39 291 24 28.0 32.1 16:49 23.3 04:44 0.0 9.7 0.0 1.6 16.9 15:15 329 25 26.3 32.4 14:34 21.3 05:41 0.0 8.0 0.0 3.1 30.6 13:46 268 26 21.6 27.6 20:01 18.7 05:52 0.0 3.3 0.0 0.1 8.3 07:15 75 27 25.8 32.2 15:46 17.8 05:39 0.0 7.4 0.0 2.9 22.3 14:21 284 28 27.6 36.5 14:07 19.8 05:11 0.0 9.3 0.0 2.8 28.8 14:53 263 29 27.2 34.9 14:17 19.9 06:00 0.0 8.9 0.0 2.3 31.7 15:58 285 30 25.3 30.9 13:14 19.5 06:07 0.0 6.9 0.0 3.7 30.6 11:46 284 --------------------------------------------------------------------------------------- 22.3 36.5 28 9.3 01 2.3 121.6 24.9 2.0 31.7 04 287 Updated: 01/07/2021 00:00