MONTHLY CLIMATOLOGICAL SUMMARY for Mar 2021 NAME: Paternopoli AV ELEV: 490 metri LAT: 40-58.26 N LONG: 015-02.10 E TEMPERATURE (°C), RAIN (mm), WIND SPEED (km/h) HEAT COOL AVG MEAN DEG DEG WIND DOM DAY TEMP HIGH TIME LOW TIME DAYS DAYS RAIN SPEED HIGH TIME DIR --------------------------------------------------------------------------------------- 01 7.6 16.5 15:50 1.2 07:05 10.8 0.0 0.0 0.5 15.5 14:00 9 02 8.4 16.5 13:52 1.5 05:55 9.9 0.0 0.0 1.1 18.7 14:53 67 03 9.4 19.3 15:27 2.3 05:52 8.9 0.0 0.0 0.6 11.5 15:01 313 04 8.6 14.8 14:14 2.9 06:31 9.8 0.0 0.0 3.0 30.2 14:46 291 05 8.8 13.8 15:39 3.1 04:05 9.6 0.0 0.0 3.4 29.5 12:57 282 06 9.2 15.6 12:44 6.4 03:30 9.1 0.0 0.0 0.4 11.9 10:14 39 07 8.7 13.8 15:56 5.5 05:20 9.6 0.0 0.0 0.5 10.1 09:47 80 08 9.4 13.7 11:39 6.4 06:35 9.0 0.0 0.5 0.9 14.8 13:40 4 09 7.7 11.3 12:08 5.8 23:54 10.6 0.0 28.5 2.7 24.8 10:10 129 10 6.6 11.8 14:19 3.8 23:47 11.8 0.0 5.7 0.9 24.8 15:59 336 11 7.8 13.1 13:44 1.9 04:20 10.5 0.0 0.0 4.3 31.0 15:01 285 12 11.4 15.1 14:48 8.9 00:35 6.9 0.0 0.0 7.6 36.0 00:48 272 13 11.9 16.7 11:07 8.0 22:33 6.5 0.0 0.0 4.7 30.2 13:33 276 14 10.2 13.3 11:40 7.0 22:44 8.1 0.0 0.0 12.0 41.8 20:23 273 15 6.6 12.6 13:04 3.1 23:08 11.7 0.0 0.5 3.1 31.7 15:44 307 16 5.6 13.8 12:43 1.1 06:18 12.7 0.0 0.0 1.2 22.7 16:26 300 17 5.1 10.8 13:31 0.3 06:34 13.2 0.0 1.0 1.3 26.6 14:01 312 18 5.1 9.8 14:53 1.8 23:47 13.2 0.0 0.0 0.5 13.0 16:10 54 19 3.5 8.3 13:25 -0.1 06:23 14.9 0.0 3.6 0.8 14.8 14:50 79 20 2.2 4.1 14:51 0.3 04:10 16.1 0.0 10.4 0.1 9.7 21:05 58 21 3.4 5.5 13:37 1.6 02:41 14.9 0.0 2.6 1.4 23.4 16:28 353 22 4.6 8.3 11:52 1.6 00:10 13.8 0.0 0.0 1.9 23.0 15:33 30 23 3.8 7.4 15:45 1.1 23:56 14.5 0.0 0.0 2.3 22.0 10:55 28 24 4.9 11.6 16:29 0.2 01:23 13.4 0.0 0.0 0.7 16.9 11:49 321 25 8.3 17.1 15:38 0.9 05:36 10.0 0.0 0.0 1.6 23.0 17:29 303 26 10.3 17.8 12:19 3.0 05:21 8.1 0.0 0.0 2.9 29.5 15:01 288 27 10.5 15.9 13:53 5.1 05:55 7.8 0.0 0.0 4.0 28.1 11:26 290 28 13.0 21.5 14:13 5.2 05:54 5.4 0.0 0.0 1.2 19.1 18:29 298 29 13.1 21.0 15:05 7.2 07:16 5.2 0.0 0.0 0.6 13.7 13:00 334 30 13.0 20.3 16:17 6.6 06:24 5.3 0.0 0.0 0.8 12.6 14:21 21 31 14.2 21.1 15:09 8.5 03:26 4.2 0.0 0.0 0.6 22.0 10:48 18 --------------------------------------------------------------------------------------- 8.2 21.5 28 -0.1 19 315.4 0.0 52.8 2.2 41.8 14 292 Updated: 01/04/2021 00:00