MONTHLY CLIMATOLOGICAL SUMMARY for Nov 2020 NAME: Paternopoli AV ELEV: 490 meters LAT: 40-58.26 N LONG: 015-02.10 E TEMPERATURE (C), RAIN (mm), WIND SPEED (m/s) HEAT COOL AVG MEAN DEG DEG WIND DOM DAY TEMP HIGH TIME LOW TIME DAYS DAYS RAIN SPEED HIGH TIME DIR --------------------------------------------------------------------------------------- 01 12.7 18.4 13:17 9.3 23:58 5.6 0.0 0.0 0.3 6.0 14:59 281 02 12.7 18.8 13:53 8.8 06:52 5.6 0.0 0.0 0.2 4.0 01:18 313 03 12.7 19.6 14:36 7.9 05:42 5.6 0.0 0.0 0.1 2.6 11:39 305 04 14.1 20.2 13:31 9.3 06:33 4.2 0.0 0.0 0.1 4.2 14:30 302 05 N/A N/A N/A N/A N/A 0.0 0.0 0.0 0.1 3.0 11:39 296 06 13.2 14.9 14:28 11.3 22:57 5.1 0.0 0.0 0.1 3.8 19:30 64 07 13.4 20.2 15:14 9.5 23:36 4.9 0.0 0.0 0.1 3.4 12:27 94 08 12.5 20.4 15:19 7.6 05:40 5.8 0.0 0.0 0.2 3.4 19:51 302 09 13.4 21.6 13:14 7.8 07:13 4.9 0.0 0.0 0.1 2.6 12:29 305 10 14.0 21.9 14:14 9.0 06:31 4.4 0.0 0.0 0.1 3.8 12:50 88 11 13.3 21.3 14:44 8.1 06:33 5.1 0.0 0.0 0.1 2.9 13:35 323 12 12.6 18.9 12:59 7.6 05:50 5.7 0.0 0.0 0.4 7.3 13:51 287 13 12.6 18.5 13:37 9.9 05:17 5.7 0.0 0.0 0.1 3.0 15:26 302 14 12.6 18.1 13:00 8.8 04:08 5.7 0.0 0.0 0.1 2.4 23:59 344 15 13.7 19.1 11:53 9.4 23:35 4.7 0.0 0.0 0.4 5.4 11:41 294 16 13.4 17.4 11:24 9.3 00:10 4.9 0.0 1.6 0.4 5.1 13:30 149 17 11.6 12.8 00:01 10.9 18:25 6.7 0.0 31.1 0.1 4.0 07:06 25 18 12.0 15.1 13:22 9.4 23:03 6.3 0.0 0.5 0.1 2.4 11:13 82 19 11.6 18.9 13:45 7.0 04:25 6.7 0.0 0.0 0.3 3.3 07:15 90 20 9.9 12.3 12:57 7.9 04:17 8.4 0.0 28.5 N/A N/A N/A N/A 21 7.1 8.3 00:01 5.6 23:29 11.3 0.0 14.5 N/A N/A N/A N/A 22 6.0 6.9 12:01 4.6 04:55 12.4 0.0 0.0 N/A N/A N/A N/A 23 10.1 17.5 15:31 5.8 00:20 8.2 0.0 0.0 N/A N/A N/A N/A 24 9.9 12.5 11:35 8.6 06:33 8.4 0.0 0.0 N/A N/A N/A N/A 25 10.3 13.8 13:18 7.9 01:01 8.0 0.0 0.0 N/A N/A N/A N/A 26 10.3 16.7 14:53 6.2 06:41 8.1 0.0 0.0 0.2 3.6 08:31 103 27 10.3 17.9 14:50 5.6 05:02 8.0 0.0 0.0 0.3 3.3 18:39 118 28 9.4 14.4 11:29 5.1 06:15 9.0 0.0 1.6 0.1 2.7 03:10 102 29 9.7 10.1 09:11 8.7 00:45 8.7 0.0 17.1 0.2 4.3 21:40 298 30 8.9 11.6 10:55 3.9 23:03 9.4 0.0 0.5 0.1 5.9 08:20 17 --------------------------------------------------------------------------------------- 11.5 21.9 10 3.9 30 197.8 0.0 95.3 0.2 7.3 12 307