MONTHLY CLIMATOLOGICAL SUMMARY for ott 2020 NAME: Paternopoli AV ELEV: 492 meters LAT: 40-58.26 N LONG: 015-02.10 E TEMPERATURE (C), RAIN (cm), WIND SPEED (km/h) HEAT COOL AVG MEAN DEG DEG WIND DOM DAY TEMP HIGH TIME LOW TIME DAYS DAYS RAIN SPEED HIGH TIME DIR --------------------------------------------------------------------------------------- 01 02 03 04 05 06 07 08 09 10 11 12 13 14 15 16 17 12,1 16,5 14:18 8,6 04:18 6,3 0,0 0,00 1,4 9,4 15:18 304 18 12,2 18,9 15:18 7,2 06:18 6,2 0,0 0,05 0,4 5,4 14:18 7 19 13,0 20,7 16:18 7,8 07:18 5,4 0,0 0,00 0,4 4,0 15:18 55 20 12,9 21,0 16:18 7,9 07:18 5,4 0,0 0,00 0,5 7,2 13:18 311 21 13,4 19,3 14:18 7,9 04:18 4,9 0,0 0,00 1,4 7,2 16:18 268 22 13,0 20,8 16:18 7,9 07:18 5,3 0,0 0,00 0,9 6,5 13:18 308 23 13,7 21,4 15:18 7,6 06:18 4,6 0,0 0,00 0,8 12,2 14:18 318 24 14,3 19,9 11:23 12,1 06:18 4,0 0,0 0,83 1,6 27,4 23:35 290 25 14,2 18,2 11:47 11,0 23:32 4,1 0,0 0,00 3,0 26,6 13:50 280 26 14,5 20,1 11:34 9,9 05:32 3,8 0,0 0,00 2,2 23,4 13:26 219 27 12,5 15,6 01:21 8,6 23:55 5,8 0,0 2,49 0,8 16,2 14:48 237 28 10,4 13,3 16:43 8,3 01:04 7,9 0,0 0,26 0,7 10,8 20:35 161 29 12,3 17,3 15:10 7,1 07:02 6,0 0,0 0,05 2,4 29,2 13:13 285 30 13,5 20,8 15:21 9,7 06:33 4,8 0,0 0,00 0,4 9,7 15:41 251 31 13,9 21,1 15:06 8,8 04:48 4,4 0,0 0,00 0,7 13,3 11:52 313 --------------------------------------------------------------------------------------- 13,1 21,4 23 7,1 29 79,0 0,0 3,68 1,2 29,2 29 286